{"id":488,"date":"2021-02-12T19:23:45","date_gmt":"2021-02-12T18:23:45","guid":{"rendered":"http:\/\/fee.carlarey.es\/?page_id=488"},"modified":"2025-09-01T11:19:42","modified_gmt":"2025-09-01T10:19:42","slug":"software","status":"publish","type":"page","link":"https:\/\/fee.carlarey.es\/index.php\/software\/","title":{"rendered":"Software"},"content":{"rendered":"\t\t<div data-elementor-type=\"wp-page\" data-elementor-id=\"488\" class=\"elementor elementor-488\">\n\t\t\t\t\t\t\t\t\t<section class=\"elementor-section elementor-top-section elementor-element elementor-element-c32c3b7 elementor-section-boxed elementor-section-height-default elementor-section-height-default\" data-id=\"c32c3b7\" data-element_type=\"section\">\n\t\t\t\t\t\t<div class=\"elementor-container elementor-column-gap-default\">\n\t\t\t\t\t<div class=\"elementor-column elementor-col-100 elementor-top-column elementor-element elementor-element-9306982\" data-id=\"9306982\" data-element_type=\"column\">\n\t\t\t<div class=\"elementor-widget-wrap elementor-element-populated\">\n\t\t\t\t\t\t\t\t<div class=\"elementor-element elementor-element-35ae2dc elementor-widget elementor-widget-heading\" data-id=\"35ae2dc\" data-element_type=\"widget\" data-widget_type=\"heading.default\">\n\t\t\t\t<div class=\"elementor-widget-container\">\n\t\t\t<h2 class=\"elementor-heading-title elementor-size-default\"><i> Software <\/i><\/h2>\t\t<\/div>\n\t\t\t\t<\/div>\n\t\t\t\t<div class=\"elementor-element elementor-element-3e07d6d elementor-widget elementor-widget-text-editor\" data-id=\"3e07d6d\" data-element_type=\"widget\" data-widget_type=\"text-editor.default\">\n\t\t\t\t<div class=\"elementor-widget-container\">\n\t\t\t\t\t\t\t<p>Para utilizar las t\u00e9cnicas econom\u00e9tricas b\u00e1sicas no es necesario disponer de un <em>software<\/em> especializado, puede hacerse con programas de uso habitual como <span style=\"color: #6ec1e4;\"><a style=\"color: #6ec1e4;\" href=\"https:\/\/docs.google.com\/viewer?a=v&amp;pid=sites&amp;srcid=ZGVmYXVsdGRvbWFpbnxhcHBsZW9ub21ldHJpY3N8Z3g6NDcyY2I3YzhlZjg3NDNjYQ\" target=\"_blank\" rel=\"noopener\"><em>Excel<\/em><\/a><\/span>.\u00a0<\/p><p>Para an\u00e1lisis econom\u00e9tricos m\u00e1s avanzados, ha de emplearse este tipo de <em>software<\/em>.\u00a0Entre las muchas posibilidades que existen, los de uso m\u00e1s habitual, entre otros, son <em>EViews<\/em> y <em>Gretl<\/em>.<\/p>\t\t\t\t\t\t<\/div>\n\t\t\t\t<\/div>\n\t\t\t\t\t<\/div>\n\t\t<\/div>\n\t\t\t\t\t\t\t<\/div>\n\t\t<\/section>\n\t\t\t\t<section class=\"elementor-section elementor-top-section elementor-element elementor-element-42b2e8a elementor-section-boxed elementor-section-height-default elementor-section-height-default\" data-id=\"42b2e8a\" data-element_type=\"section\">\n\t\t\t\t\t\t<div class=\"elementor-container elementor-column-gap-default\">\n\t\t\t\t\t<div class=\"elementor-column elementor-col-100 elementor-top-column elementor-element elementor-element-3f5f1a9\" data-id=\"3f5f1a9\" data-element_type=\"column\">\n\t\t\t<div class=\"elementor-widget-wrap elementor-element-populated\">\n\t\t\t\t\t\t\t\t<div class=\"elementor-element elementor-element-9dbe37c elementor-widget elementor-widget-heading\" data-id=\"9dbe37c\" data-element_type=\"widget\" data-widget_type=\"heading.default\">\n\t\t\t\t<div class=\"elementor-widget-container\">\n\t\t\t<h2 class=\"elementor-heading-title elementor-size-default\">Programas especializados<\/h2>\t\t<\/div>\n\t\t\t\t<\/div>\n\t\t\t\t\t<\/div>\n\t\t<\/div>\n\t\t\t\t\t\t\t<\/div>\n\t\t<\/section>\n\t\t\t\t<section class=\"elementor-section elementor-top-section elementor-element elementor-element-e486856 elementor-section-boxed elementor-section-height-default elementor-section-height-default\" data-id=\"e486856\" data-element_type=\"section\">\n\t\t\t\t\t\t<div class=\"elementor-container elementor-column-gap-default\">\n\t\t\t\t\t<div class=\"elementor-column elementor-col-50 elementor-top-column elementor-element elementor-element-16be094\" data-id=\"16be094\" data-element_type=\"column\">\n\t\t\t<div class=\"elementor-widget-wrap elementor-element-populated\">\n\t\t\t\t\t\t\t\t<div class=\"elementor-element elementor-element-4071cad elementor-widget elementor-widget-image\" data-id=\"4071cad\" data-element_type=\"widget\" data-widget_type=\"image.default\">\n\t\t\t\t<div class=\"elementor-widget-container\">\n\t\t\t\t\t\t\t\t\t\t\t\t\t\t\t<img src=\"https:\/\/fee.carlarey.es\/wp-content\/uploads\/elementor\/thumbs\/eviews-p2rnbvz2wrjqh1hp5cnp53m0j2kw2epc5ec058simw.png\" title=\"eviews\" alt=\"eviews\" loading=\"lazy\" \/>\t\t\t\t\t\t\t\t\t\t\t\t\t\t\t<\/div>\n\t\t\t\t<\/div>\n\t\t\t\t<div class=\"elementor-element elementor-element-9843513 elementor-widget elementor-widget-text-editor\" data-id=\"9843513\" data-element_type=\"widget\" data-widget_type=\"text-editor.default\">\n\t\t\t\t<div class=\"elementor-widget-container\">\n\t\t\t\t\t\t\t<p>Proporciona potentes herramientas an\u00e1liticas, permite generar pron\u00f3sticos o simulaciones de modelos y producir gr\u00e1ficos y tablas.<\/p><p>Aunque es un programa de pago, existe la posibilidad de <a href=\"http:\/\/www.eviews.com\/download\/student12\/\" target=\"_blank\" rel=\"noopener\"><span style=\"color: #6ec1e4;\">descargar la versi\u00f3n 12\u00a0<\/span><\/a>sin coste, con una validez de un a\u00f1o a partir de la fecha de activaci\u00f3n\/registro. Esta edici\u00f3n, con algunas limitaciones, ofrece los mismos m\u00e9todos anal\u00edticos que la <em>\u00abUniversity Edition\u00bb<\/em> dise\u00f1ada para docentes y personal investigador. La p\u00e1gina <em>web<\/em> del programa ofrece una completa\u00a0<span style=\"color: #6ec1e4;\"><a style=\"color: #6ec1e4;\" href=\"https:\/\/www.eviews.com\/help\/helpintro.html\" target=\"_blank\" rel=\"noopener\">ayuda<\/a><\/span>.<\/p><p>Hay muchos manuales con ejercicios resueltos con<em> EViews<\/em>. Un buen libro es Carrascal, U;\u00a0 Gonz\u00e1lez, Y;\u00a0 \u00a0Rodr\u00edguez, B. (2001). <em>An\u00e1lisis econom\u00e9trico con EViews.<\/em>\u00a0Ed. RA-MA, Madrid.<\/p>\t\t\t\t\t\t<\/div>\n\t\t\t\t<\/div>\n\t\t\t\t\t<\/div>\n\t\t<\/div>\n\t\t\t\t<div class=\"elementor-column elementor-col-50 elementor-top-column elementor-element elementor-element-20d921a\" data-id=\"20d921a\" data-element_type=\"column\">\n\t\t\t<div class=\"elementor-widget-wrap elementor-element-populated\">\n\t\t\t\t\t\t\t\t<div class=\"elementor-element elementor-element-8fc7931 elementor-widget elementor-widget-image\" data-id=\"8fc7931\" data-element_type=\"widget\" data-widget_type=\"image.default\">\n\t\t\t\t<div class=\"elementor-widget-container\">\n\t\t\t\t\t\t\t\t\t\t\t\t\t\t\t<img width=\"525\" height=\"412\" src=\"https:\/\/fee.carlarey.es\/wp-content\/uploads\/2021\/02\/SalidaEviews11.jpg\" class=\"attachment-large size-large wp-image-508\" alt=\"\" loading=\"lazy\" srcset=\"https:\/\/fee.carlarey.es\/wp-content\/uploads\/2021\/02\/SalidaEviews11.jpg 783w, https:\/\/fee.carlarey.es\/wp-content\/uploads\/2021\/02\/SalidaEviews11-300x236.jpg 300w, https:\/\/fee.carlarey.es\/wp-content\/uploads\/2021\/02\/SalidaEviews11-768x603.jpg 768w\" sizes=\"100vw\" \/>\t\t\t\t\t\t\t\t\t\t\t\t\t\t\t<\/div>\n\t\t\t\t<\/div>\n\t\t\t\t\t<\/div>\n\t\t<\/div>\n\t\t\t\t\t\t\t<\/div>\n\t\t<\/section>\n\t\t\t\t<section class=\"elementor-section elementor-top-section elementor-element elementor-element-5c2a871 elementor-section-boxed elementor-section-height-default elementor-section-height-default\" data-id=\"5c2a871\" data-element_type=\"section\">\n\t\t\t\t\t\t<div class=\"elementor-container elementor-column-gap-default\">\n\t\t\t\t\t<div class=\"elementor-column elementor-col-50 elementor-top-column elementor-element elementor-element-29dc220\" data-id=\"29dc220\" data-element_type=\"column\">\n\t\t\t<div class=\"elementor-widget-wrap elementor-element-populated\">\n\t\t\t\t\t\t\t\t<div class=\"elementor-element elementor-element-e4a1fec elementor-widget elementor-widget-image\" data-id=\"e4a1fec\" data-element_type=\"widget\" data-widget_type=\"image.default\">\n\t\t\t\t<div class=\"elementor-widget-container\">\n\t\t\t\t\t\t\t\t\t\t\t\t\t\t\t<img src=\"https:\/\/fee.carlarey.es\/wp-content\/uploads\/elementor\/thumbs\/gretl2-p2rnc3ht5r3jqrofz57xufipo90a7i9wtf0agiupw4.png\" title=\"gretl2\" alt=\"gretl2\" loading=\"lazy\" \/>\t\t\t\t\t\t\t\t\t\t\t\t\t\t\t<\/div>\n\t\t\t\t<\/div>\n\t\t\t\t<div class=\"elementor-element elementor-element-fe9d868 elementor-widget elementor-widget-text-editor\" data-id=\"fe9d868\" data-element_type=\"widget\" data-widget_type=\"text-editor.default\">\n\t\t\t\t<div class=\"elementor-widget-container\">\n\t\t\t\t\t\t\t<p>Software para an\u00e1lisis econom\u00e9trico de libre distribuci\u00f3n que se puede descargar desde este <span style=\"color: #6ec1e4;\"><a style=\"color: #6ec1e4;\" href=\"http:\/\/gretl.sourceforge.net\/es.html\" target=\"_blank\" rel=\"noopener\">enlace<\/a><\/span>,\u00a0en el que tambi\u00e9n hay un amplio manual.<\/p><p>Dispone de un extenso listado de paquetes de funciones en constante desarrollo y es compatible con otros softwares estad\u00edsticos, tanto libres como de pago.\u00a0<\/p>\t\t\t\t\t\t<\/div>\n\t\t\t\t<\/div>\n\t\t\t\t\t<\/div>\n\t\t<\/div>\n\t\t\t\t<div class=\"elementor-column elementor-col-50 elementor-top-column elementor-element elementor-element-cd40257\" data-id=\"cd40257\" data-element_type=\"column\">\n\t\t\t<div class=\"elementor-widget-wrap elementor-element-populated\">\n\t\t\t\t\t\t\t\t<div class=\"elementor-element elementor-element-a03f212 elementor-widget elementor-widget-image\" data-id=\"a03f212\" data-element_type=\"widget\" data-widget_type=\"image.default\">\n\t\t\t\t<div class=\"elementor-widget-container\">\n\t\t\t\t\t\t\t\t\t\t\t\t\t\t\t<img width=\"525\" height=\"397\" src=\"https:\/\/fee.carlarey.es\/wp-content\/uploads\/2021\/02\/gretl.jpg\" class=\"attachment-large size-large wp-image-515\" alt=\"\" loading=\"lazy\" srcset=\"https:\/\/fee.carlarey.es\/wp-content\/uploads\/2021\/02\/gretl.jpg 724w, https:\/\/fee.carlarey.es\/wp-content\/uploads\/2021\/02\/gretl-300x227.jpg 300w\" sizes=\"100vw\" \/>\t\t\t\t\t\t\t\t\t\t\t\t\t\t\t<\/div>\n\t\t\t\t<\/div>\n\t\t\t\t\t<\/div>\n\t\t<\/div>\n\t\t\t\t\t\t\t<\/div>\n\t\t<\/section>\n\t\t\t\t\t\t\t<\/div>\n\t\t","protected":false},"excerpt":{"rendered":"<p>Software Para utilizar las t\u00e9cnicas econom\u00e9tricas b\u00e1sicas no es necesario disponer de un software especializado, puede hacerse con programas de uso habitual como Excel.&nbsp; Para an\u00e1lisis econom\u00e9tricos m\u00e1s avanzados, ha de emplearse este tipo de software.&nbsp;Entre las muchas posibilidades que existen, los de uso m\u00e1s habitual, entre otros, son EViews y Gretl. Programas especializados Proporciona &hellip; <\/p>\n<p class=\"link-more\"><a href=\"https:\/\/fee.carlarey.es\/index.php\/software\/\" class=\"more-link\">Continuar leyendo<span class=\"screen-reader-text\"> \u00abSoftware\u00bb<\/span><\/a><\/p>\n","protected":false},"author":1,"featured_media":0,"parent":0,"menu_order":0,"comment_status":"closed","ping_status":"closed","template":"elementor_header_footer","meta":[],"_links":{"self":[{"href":"https:\/\/fee.carlarey.es\/index.php\/wp-json\/wp\/v2\/pages\/488"}],"collection":[{"href":"https:\/\/fee.carlarey.es\/index.php\/wp-json\/wp\/v2\/pages"}],"about":[{"href":"https:\/\/fee.carlarey.es\/index.php\/wp-json\/wp\/v2\/types\/page"}],"author":[{"embeddable":true,"href":"https:\/\/fee.carlarey.es\/index.php\/wp-json\/wp\/v2\/users\/1"}],"replies":[{"embeddable":true,"href":"https:\/\/fee.carlarey.es\/index.php\/wp-json\/wp\/v2\/comments?post=488"}],"version-history":[{"count":179,"href":"https:\/\/fee.carlarey.es\/index.php\/wp-json\/wp\/v2\/pages\/488\/revisions"}],"predecessor-version":[{"id":28091,"href":"https:\/\/fee.carlarey.es\/index.php\/wp-json\/wp\/v2\/pages\/488\/revisions\/28091"}],"wp:attachment":[{"href":"https:\/\/fee.carlarey.es\/index.php\/wp-json\/wp\/v2\/media?parent=488"}],"curies":[{"name":"wp","href":"https:\/\/api.w.org\/{rel}","templated":true}]}}